tor of 418 and 314512?
22
What is the highest common divisor of 35 and 1813?
7
Calculate the highest common divisor of 1452 and 11352.
132
What is the highest common factor of 485945 and 17?
17
What is the highest common factor of 1880675 and 25?
25
Calculate the highest common factor of 37350 and 10790.
830
Calculate the highest common divisor of 354 and 34928.
118
What is the highest common divisor of 8847 and 99?
9
Calculate the highest common divisor of 32690 and 140.
70
What is the highest common divisor of 1071 and 1125502?
119
What is the highest common divisor of 90 and 2535?
15
Calculate the highest common factor of 10673 and 2145.
13
What is the highest common factor of 17871 and 42?
21
What is the greatest common factor of 8 and 20288?
8
Calculate the greatest common divisor of 6375 and 34527.
51
Calculate the highest common divisor of 94 and 141282.
94
What is the greatest common factor of 1443981 and 1786?
893
Calculate the highest common factor of 54 and 343332.
54
Calculate the highest common factor of 162 and 226146.
6
Calculate the highest common divisor of 1372 and 316589.
343
What is the greatest common divisor of 325 and 199050?
25
What is the highest common factor of 852 and 145124?
284
What is the greatest common factor of 900 and 486828?
36
Calculate the highest common factor of 34 and 293301.
17
Calculate the highest common divisor of 11639 and 1356.
113
What is the highest common divisor of 342 and 747783?
171
Calculate the highest common divisor of 34539 and 435.
87
What is the greatest common factor of 422342 and 282?
94
What is the highest common divisor of 475 and 5795?
95
Calculate the greatest common divisor of 4204298 and 14.
14
Calculate the highest common factor of 371 and 39207.
7
What is the highest common divisor of 75364 and 5221?
227
Calculate the highest common divisor of 10 and 73886.
2
What is the greatest common divisor of 149180 and 40?
20
What is the highest common factor of 654870 and 40?
10
What is the greatest common factor of 1649 and 20655?
17
What is the highest common divisor of 15 and 857820?
15
What is the greatest common divisor of 5 and 32?
1
Calculate the greatest common factor of 79348 and 10516.
956
Calculate the highest common factor of 685 and 545945.
685
Calculate the highest common factor of 1258 and 13394.
74
Calculate the greatest common divisor of 63970 and 10.
10
What is the highest common divisor of 14 and 11498?
2
Calculate the greatest common divisor of 1424 and 1513.
89
Calculate the highest common divisor of 66 and 57255.
33
What is the highest common divisor of 16757 and 39?
13
What is the greatest common factor of 121184 and 224?
224
What is the highest common factor of 204 and 23688?
12
What is the greatest common factor of 27 and 444?
3
Calculate the greatest common factor of 979 and 1749.
11
What is the highest common divisor of 6109 and 82?
41
Calculate the highest common factor of 6176 and 109238.
386
Calculate the greatest common factor of 18 and 5013.
9
Calculate the highest common factor of 1651 and 1027.
13
Calculate the greatest common factor of 94469 and 17.
17
What is the highest common factor of 1647 and 437919?
183
Calculate the greatest common factor of 546 and 18361.
7
What is the highest common divisor of 2470 and 27755?
65
Calculate the highest common factor of 2105 and 1471816.
421
What is the greatest common divisor of 116 and 993946?
58
Calculate the highest common factor of 696463 and 3103.
107
What is the greatest common factor of 552 and 108008?
184
What is the highest common factor of 1777336 and 760?
152
Calculate the greatest common factor of 219 and 604221.
219
Calculate the highest common factor of 69483 and 3498.
159
Calculate the highest common divisor of 1620 and 8920.
20
What is the highest common factor of 697860 and 380?
20
What is the greatest common divisor of 234 and 25714?
26
What is the greatest common divisor of 68 and 27098?
34
What is the greatest common factor of 60 and 186630?
30
What is the highest common divisor of 115093 and 99?
11
What is the greatest common divisor of 5374396 and 642?
214
What is the greatest common factor of 54 and 114831?
27
Calculate the greatest common divisor of 18183 and 19459.
319
What is the highest common factor of 32 and 18192?
16
What is the highest common factor of 839782 and 348?
58
What is the greatest common factor of 428336 and 304?
304
What is the highest common factor of 19723 and 484?
121
Calculate the highest common factor of 67528 and 184.
184
What is the greatest common factor of 34 and 9824?
2
What is the highest common divisor of 624 and 93444?
156
Calculate the highest common divisor of 2145 and 1248.
39
Calculate the highest common factor of 366595 and 2198.
157
Calculate the highest common divisor of 9012 and 228.
12
What is the greatest common divisor of 10860 and 1980?
60
What is the highest common factor of 3414 and 90?
6
Calculate the greatest common factor of 36 and 219564.
36
Calculate the highest common factor of 507783 and 42096.
2631
What is the greatest common factor of 109580 and 160?
20
Calculate the highest common divisor of 1171678 and 2.
2
Calculate the highest common divisor of 235 and 752.
47
Calculate the greatest common factor of 1289178 and 68.
34
What is the highest common divisor of 400 and 24550?
50
What is the greatest common divisor of 966 and 17913?
21
What is the greatest common divisor of 124856 and 32?
8
Calculate the highest common divisor of 6 and 2399283.
3
What is the greatest common divisor of 21 and 1157765?
7
What is the greatest common factor of 80064 and 396?
36
What is the highest common factor of 339 and 97519?
113
Calculate the highest common factor of 19940 and 60.
20
What is the greatest common divisor of 24 and 83112?
24
Calculate the highest common factor of 4131 and 4539.
51
Calculate the highest common divisor of 1288 and 364.
28
What is the highest common divisor of 31590 and 288?
18
What is the greatest common divisor of 335 and 1280?
5
Calculate the highest common factor of 1431 and 429141.
159
What is the highest common factor of 236613 and 195?
39
Calculate the highest common factor of 870399 and 27.
27
Calculate the highest common factor of 118656 and 72.
72
Calculate the highest common divisor of 126865 and 125.
5
What is the greatest common factor of 18960 and 75?
15
Calculate the highest common divisor of 3074 and 899.
29
Calculate the greatest common factor of 54777 and 57.
57
Calculate the highest common factor of 53732 and 5985.
133
What is the greatest common divisor of 1350 and 402210?
90
Calculate the highest common factor of 30400 and 2240.
320
Calculate the highest common factor of 12 and 605082.
6
Calculate the greatest common factor of 208610 and 1725.
115
Calculate the highest common divisor of 940 and 1060.
20
Calculate the highest common factor of 11797 and 753.
251
What is the greatest common factor of 8236 and 2668?
116
Calculate the greatest common divisor of 1947 and 428989.
649
Calculate the highest common factor of 325 and 5616.
13
What is the highest common divisor of 19007 and 1145?
229
What is the highest common factor of 16056 and 189327?
669
Calculate the highest common factor of 8225 and 6475.
175
Calculate the greatest common factor of 196 and 312.
4
What is the greatest common divisor of 2964080 and 70?
70
Calculate the highest common factor of 510911 and 186.
31
What is the highest common factor of 170 and 161255?
5
Calculate the greatest common factor of 175 and 22700.
25
Calculate the highest common divisor of 177612 and 6612.
228
What is the greatest common divisor of 3538 and 116058?
58
What is the highest common divisor of 164 and 62812?
164
Calculate the highest common divisor of 5613312 and 6.
6
Calculate the greatest common factor of 6963 and 594.
33
Calculate the highest common factor of 75 and 15900.
75
Calculate the greatest common factor of 15128 and 744.
248
What is the greatest common divisor of 410 and 3458965?
205
Calculate the highest common divisor of 180 and 10600.
20
What is the highest common divisor of 349816 and 200?
8
Calculate the greatest common divisor of 1720804 and 212.
212
What is the greatest common factor of 16065 and 6001?
17
What is the greatest common divis